reatest common factor of k and 1204.
172
Let k = -121 - -132. Suppose 2013 + 737 = k*u. Calculate the greatest common divisor of 10 and u.
10
Let g be (3136/(-294))/(0 - (-2)/(-3)). Suppose 6 = 5*x - 14. Calculate the highest common factor of g and x.
4
Let b be 16/(-24) - 630292/(-186). What is the highest common factor of b and 264?
44
Let q = 40 - 14. Let z = 56383 - 56357. Calculate the highest common factor of z and q.
26
Let k = 1954 + -1810. What is the greatest common factor of 20 and k?
4
Suppose 0 = -59*p + 7654 + 665. Suppose 0 = 3*s + 3*b + 9, 0 = -0*s - 4*s + 5*b + 15. Suppose s = 4*a - 31 - p. What is the greatest common factor of 473 and a?
43
Suppose t = -2*t + 63. Let x be (-204)/(-16)*(-64)/8. Let g = 116 + x. Calculate the greatest common factor of g and t.
7
Let l(t) = 3*t**3 - 47*t**2 + 10*t + 2. Let q be l(16). What is the greatest common factor of 176 and q?
22
Let a = 3577 - 3353. What is the highest common factor of 147 and a?
7
Let b(w) = -111*w - 198. Let g be b(-2). Let q be 32/(-10)*(-5)/1. Calculate the highest common divisor of g and q.
8
Let j be (-4 - -1) + 8 + -11 - -9. Suppose -2*g - 36 = -w, j*g - 6*g - 35 = -w. What is the greatest common divisor of w and 6?
2
Let a = 47 - 27. Let y = 40 - 82. Let t be (-2)/7 + (-74)/y*3. Calculate the greatest common factor of a and t.
5
Let q be (-4)/10 - (-1562)/55. Let i(b) = -b**2 + 13*b + 9. Let n be i(-7). Let l = 243 + n. What is the highest common divisor of q and l?
28
Let c(u) = -17*u + 19. Let o be c(-8). Let w = o + -117. What is the greatest common factor of 152 and w?
38
Suppose -5*s + 12 = -8. Let r be 203 + (12/s - 3). Let u be 21411/741 + (-2)/(-19). What is the greatest common factor of r and u?
29
Let u = 2 + 3. Suppose -11 + 71 = u*t. Suppose 1020 = -3233*c + 3250*c. What is the greatest common factor of t and c?
12
Let b = 125 + -121. Suppose 0 = b*y - 4*i - 6 - 22, -4*y + 16 = 2*i. Suppose 3*d = -g + 14, 2*d = g + 10 + 1. What is the greatest common factor of d and y?
5
Suppose 0 = -2*m - 5*d + 1043, 5*m = 43*d - 48*d + 2675. What is the highest common factor of m and 5032?
136
Let p = -5 - -31. Let f(x) = x**3 - 28*x**2 + 57*x. Let s be f(p). Calculate the highest common factor of s and 20.
10
Let d(h) = h**2 - 24*h + 154. Let z(b) = -b**3 - 7*b**2 + 3*b - 28. Let x be z(-8). Let q be d(x). What is the highest common divisor of 230 and q?
10
Suppose 26 = 2*y + 5*u, -5*y - 3*u + 7*u = 1. Suppose -y*k - 95 + 11 = -4*q, -5*k = 0. What is the highest common divisor of q and 21?
21
Let w = 58 - 58. Suppose 11*p + v + 2 = 12*p, -5*p - v + 40 = w. What is the greatest common factor of p and 5?
1
Let l = -24 - -42. Let g be 27/(-6*(-5)/60). What is the greatest common factor of l and g?
18
Suppose 2*m - r - 8 = 0, -5*m - 50 = -3*r - 67. Calculate the greatest common divisor of 191 and m.
1
Suppose 0 = -81*w - 7*w + 99528. What is the greatest common factor of w and 39?
39
Let a = 280 + -276. Suppose 0 = -4*l - a*l + 536. What is the highest common divisor of 335 and l?
67
Suppose -1555*v + 5508 = -1551*v. Calculate the greatest common factor of v and 51.
51
Let x(a) = a**2 - 10*a + 3. Let h be x(10). Let l(w) = 15*w + 105. Let r be l(-8). Let s be (h + -13)*2/r*3. Calculate the highest common divisor of 6 and s.
2
Suppose 302*v = 297*v + 1800. Suppose 3*b + 9 = 5*i + 92, 0 = -4*b - 4*i + 164. Calculate the greatest common factor of b and v.
36
Suppose -3189 = -4*n + n + 4*y, -4*n + 3*y = -4259. Suppose -445 = -8*i + n. Calculate the greatest common factor of i and 21.
21
Let r be 0/(-3 - -1) + 4. Let q(z) = -z**2 - 34*z + 2523. Let x be q(-70). Suppose -43 + x = -r*k. What is the highest common factor of k and 2?
2
Suppose 4*w = 5*i + 784, 2*w - 3*i = 3*w - 196. Suppose -4*a = p - w, -3*a = -4*a - 3*p + 60. Let x = 73 - 41. What is the greatest common divisor of x and a?
16
Suppose 0 = 7*i - 1663 - 3678. Let o = -443 + i. Calculate the greatest common divisor of 32 and o.
32
Suppose 3*s = -4*a + 95, -4*a + 3*a = -5*s + 212. Calculate the greatest common divisor of s and 23411.
41
Suppose 686 = 4*t - 5*w, -3*t + 0*t = 3*w - 528. Let n be (-3)/(-2)*(-76)/(-57) + 56. Calculate the greatest common divisor of t and n.
58
Let q(r) = 10*r**2 + 4*r + 4. Let d be (-12)/32 - ((-175)/40)/(-7). Let m be q(d). What is the greatest common factor of 1370 and m?
10
Let q be (2/(-4))/(5/10). Let x(m) = 16*m**2 + 3*m + 2. Let w be x(q). What is the highest common divisor of w and 105?
15
Suppose -s = -4*v - 6*s + 22, -3*s - 6 = 0. Suppose -v*j = 106 - 442. Calculate the highest common factor of 105 and j.
21
Suppose 1189*f - 1187*f - 104 = 0. What is the highest common factor of 1324 and f?
4
Let h(o) = -5*o**3 - 8*o**2 + 42. Let b be h(-7). What is the highest common divisor of 182 and b?
91
Let s = 49 - 9. Let n = -25 + s. Suppose 0 = -2*t + t - d + 17, 5*d = n. What is the greatest common factor of 2 and t?
2
Let r be 9/(-15) - -1 - (6912/(-30))/24. Calculate the highest common divisor of r and 700.
10
Suppose -3*x - f = -6519, 2*x + 49*f - 46*f = 4332. What is the greatest common factor of x and 300?
75
Let x = -662 + 1322. Suppose -91*z + 97*z = x. Calculate the highest common factor of 10 and z.
10
Suppose 106*o - 291 = 239. Let y(n) = 2*n**3 - 2*n**2 + n. Let b be y(2). Calculate the highest common divisor of o and b.
5
Suppose 0*x + 9*x = 0. Suppose x*d = d - 7*d. Suppose 3*y - 2*y = n + 23, 3*n - 6 = d. Calculate the greatest common factor of 50 and y.
25
Suppose -3851 = 3*u + 2*k - 17842, -5*u = -2*k - 23297. Calculate the greatest common factor of 79 and u.
79
Let y = -491 - -494. Let m(l) = -l + 48. Let w be m(y). What is the highest common divisor of w and 195?
15
Suppose -4*j = -o - j + 13, 0 = -o - 3*j + 43. Suppose 5*r - 3442 = 2858. Suppose b - 10*b + r = 0. What is the highest common divisor of o and b?
28
Let f(s) = s**3 + 60*s**2 - 26*s + 2402. Let l be f(-61). What is the highest common factor of l and 1691?
89
Let t be (-35)/((-78)/42 - -2). Let z = t - -440. What is the highest common factor of 26 and z?
13
Suppose -4*a = -47*b + 46*b - 7757, 5*a + 3*b - 9709 = 0. What is the highest common divisor of 40 and a?
20
Suppose -243 = -4*h + 545. Let d be h/(-13) - 40/(-260). Let l be 5*4 + 5 + d/3. What is the highest common divisor of 30 and l?
10
Suppose 4*y - 15 - 9 = 0. Calculate the highest common factor of y and 716.
2
Suppose i + 0*r - 134 = -r, -2*i = r - 269. What is the highest common divisor of 945 and i?
135
Suppose c - 39*c + 1786 = 0. Suppose 0 = 2*l - c - 53. Calculate the greatest common divisor of l and 15.
5
Let f be (-17)/(-51) - (11478/9)/(-2). Calculate the highest common divisor of f and 154.
22
Let f(n) = -n**3 - 4*n - 14. Let t(p) = p**3 - 3*p**2 + 2*p + 15. Let l(g) = 4*f(g) + 3*t(g). Let b be l(-11). What is the greatest common factor of 11 and b?
11
Let q be 6/54 - 5728/(-288). What is the greatest common factor of q and 1220?
20
Suppose 4*b + 18 = 3*q + b, -5*q + 27 = -4*b. Suppose -3*c + 2*h = -2 - q, 2*c + 3*h = -14. Let y = c + 26. Calculate the greatest common divisor of y and 200.
25
Suppose -3*w - 90 = 5*r + 2*w, -2*w - 2 = 0. Let m be (-2)/r - (-55352)/1156. Calculate the greatest common factor of 168 and m.
24
Let o(f) = -f**3 + 6*f**2 + 5*f - 26. Let k be o(6). Suppose 243 = 2*r - 3*h, -k*r + 0*h + 485 = -5*h. What is the highest common divisor of 4 and r?
4
Let w be 1228/(-64)*30 - 24/64. Let u = w - -624. Calculate the greatest common factor of 6 and u.
6
Let l be (-870)/(-6) - (2 - 1). Let b be 480/360 - 77/(-3). What is the greatest common factor of l and b?
9
Let z(k) be the first derivative of 41*k**2/2 - k - 20. Let t be z(-1). Let u = 159 + t. What is the greatest common factor of u and 13?
13
Suppose -2*p = -0*p - 22. Let q(s) = -s**3 + 7*s**2 - 47*s + 207. Let u be q(5). Calculate the greatest common divisor of u and p.
11
Suppose -1733 = 5*g + 2852. Let v = -916 - g. Calculate the greatest common factor of v and 81.
1
Let k(l) = l**3 + 34*l**2 + 56*l + 42. Let i be k(-29). What is the highest common divisor of 86 and i?
43
Let x = 270 - 274. Let q be (x + -14)*(-4)/18. Suppose 0 = -3*w + 5*t + 10, -2*t - 38 = -3*w - 4*t. Calculate the greatest common divisor of w and q.
2
Suppose -580508 + 101558 - 163210 